2. Let a(h) = h - 3. Let b(l) = 7*a(l) - 2*t(l). What is b(0)?
-1
Let g(h) = -16*h - 8. Let d(o) = -o. Let k(p) = -7*p - 1. Let r(q) = 6*d(q) - k(q). Let l(n) = -g(n) - 12*r(n). Let v(i) = i + 13. Let j be v(-9). What is l(j)?
12
Let r(p) = -p - 3. Let m be r(-4). Let y(s) = -4*s**2 - 3*s + 0 + m + 2 - s**3. Let x(u) = 2*u**3 - 3*u**2 - u + 1. Let c be x(-1). Calculate y(c).
3
Let g(f) = 2*f. Suppose -2 = -4*n + 2*n. Let y be n + (-12)/(-4) + -7. Give g(y).
-6
Let n(a) be the first derivative of a**2/2 + a + 2. Suppose -10*z = -6*z - 20. Calculate n(z).
6
Suppose -196*x = -176*x - 100. Let w(s) = s**2 - 10*s + 8. Give w(x).
-17
Let f = 1515 - 1505. Let x(a) = 12*a + 2 - a**2 + 2 - 22. Let t be x(f). Let y(s) = -2*s. Give y(t).
-4
Let o be 2/(-14) + 120/56. Suppose 4*n = 6*n + 4*b - 4, -o*n - 2*b = -8. Let z(s) be the first derivative of -s**3/3 + 4*s**2 - 7*s + 3. Give z(n).
5
Suppose -g - 5*b + 3 = 0, -34*b = -35*b - 1. Let d(w) = 2*w - 10. Determine d(g).
6
Let f(h) be the second derivative of -h**4/12 + h**2/2 - 67*h - 2. Determine f(0).
1
Let d(v) = 4*v - 1. Let i(k) = 17*k - 3. Let j(b) = -4*d(b) + i(b). Determine j(-6).
-5
Suppose 4*q = q + 747. Let g(s) = -9 + 121*s - q*s + 126*s. What is g(-7)?
5
Let f be (-1 - 6/(-8)) + 801/36. Suppose 16 = g + f. Let x(c) = c**2 + 6*c - 5. What is x(g)?
-5
Let s(r) = -r**2 + 5*r + 5. Let u be s(5). Let d(m) = -3*m. Let k be 3 + -3 - -3 - 1. Let o(q) = -4*q. Let p(n) = k*o(n) - 3*d(n). Give p(u).
5
Suppose 0 = 9*g + 79 - 52. Let v(m) = -m**2 - 5*m - 2. Determine v(g).
4
Suppose 5*j = -2*p - 38 - 1, p + 42 = -5*j. Let u be (-24)/j - 4/6. Let b(d) = 2*d + 2*d + 0*d. What is b(u)?
8
Let q(d) = -d**2 - 2*d + 0*d**2 - 51657 + 51659. Calculate q(2).
-6
Let g(p) = -2*p**2 + 4*p**2 - 3*p**2 + 3*p - 2. Suppose 14*v + 4 = 16*v - 2*n, -2*v - n + 10 = 0. Calculate g(v).
-6
Suppose 12*q - 70 = 26*q. Let k(b) = -b**2 - 3*b - 4. Calculate k(q).
-14
Let j(a) = -a**3 - 16. Let p(v) = -v**3 + v**2 + v. Let c(u) = u**2 + 8*u + 15. Let q be c(-5). Let g be p(q). Give j(g).
-16
Let c = 24 + -20. Suppose -2*l = -2*x - c, 4*l + 17 = 1. Let z(m) be the third derivative of -m**4/24 - 4*m**3/3 - 2*m**2. Calculate z(x).
-2
Let q(m) = m**3 + 5*m**2 + 3*m - 2. Let f = 188 - 192. Give q(f).
2
Let q(s) = -3*s**2 - 12*s - 14. Let x be q(-4). Let o(n) = 2*n + 19. Give o(x).
-9
Let f(t) = -t**3 + 7*t**2 - 2*t + 4. Let n be f(3). Let b = n + -33. Let i(u) = 4*u**2 - u + 1. Give i(b).
4
Let n(u) = u**2 + 2*u + 1. Let a = 443 - 445. Calculate n(a).
1
Let v(f) be the second derivative of 1/20*f**5 + 37*f - 3*f**2 + 1/12*f**4 + 1/6*f**3 + 0. What is v(0)?
-6
Let w be (-4)/14 - (-37)/7. Suppose -2*b + 1 - w = 0. Let o = b + 9. Let f(k) = k**2 - 7*k - 6. Calculate f(o).
-6
Let x(p) = p - 10. Let c(d) = -2. Let a(v) = -5*c(v) - x(v). Let y(z) = z**2 + 2*z - 3. Let t be y(-3). Determine a(t).
20
Suppose 3*d - 6 = d. Suppose 2*w + 1 = -f, -2*w + 5*w + 3*f = -6. Let c(m) = 3*m + 1 - 4*m + 1 + w. Determine c(d).
0
Let c = -10 - -17. Suppose v - c = -1. Let t(h) = -h**3 - h**2 + 2*h - 1. Let m(i) = -i**3 - 8*i**2 + 2*i - 2. Let d(z) = m(z) - 2*t(z). Determine d(v).
-12
Let f(s) = -2*s - 2. Let h(c) = -c + 1. Let x be h(5). What is f(x)?
6
Let m(c) be the first derivative of -1/12*c**4 + 3*c**2 + 6 + 3*c + 1/2*c**3. Let f(r) be the first derivative of m(r). Calculate f(6).
-12
Suppose 7*o - 3 = 4*o. Let t be 3 + -8 + o - -10. Let b(i) = i**2 - 4*i - 4. Calculate b(t).
8
Let a(k) = -k**3 + k. Let j(n) = -2*n**3 + 4*n**2 + 4*n + 6. Let z(y) = -6*a(y) + j(y). Let o(f) = f**3. Let t(x) = 5*o(x) - z(x). What is t(4)?
2
Suppose 12*s - 8*s - 20 = 0. Let z(n) = -9*n - s*n + 8*n. Let w(g) = 4*g - 19. Let q be w(5). Give z(q).
-6
Let u = 312 - 307. Let s(g) = 9*g**3 + g. Let t be s(1). Suppose -t = -c + u*a, 2*c + 4*a - 2*a + 4 = 0. Let h(p) = p**2 + p + 3. Give h(c).
3
Suppose -5*w - 5 = -20. Let r = 10 - 0. Let l(d) = 16*d - 3 + r*d - 27*d. Calculate l(w).
-6
Let j(d) be the first derivative of 3*d**2 + d - 9. Let k(f) = -5*f. Let w(i) = -3*j(i) - 4*k(i). Calculate w(5).
7
Let l(t) = 34*t**2 + 4*t + 12. Let p(a) = 19*a**2 + 2*a + 7. Let k(j) = 4*l(j) - 7*p(j). Determine k(1).
4
Let s(l) be the third derivative of -l**5/60 + l**3/3 - 132*l**2. Let i be (-7 - (-1 - 2)) + 1. What is s(i)?
-7
Let q(j) be the second derivative of -j**4/12 + j**3 + 3*j**2 + 79*j. What is q(6)?
6
Let w(l) = -14*l. Let n(j) = -28*j. Let c(x) = 4*n(x) - 7*w(x). Suppose -8*a + 6 = -6*a. Suppose 3*p - a = -0. Give c(p).
-14
Let q(r) = -4*r + 25. Let g be q(5). Let o(d) = -d**3 + 2*d**2 + 18*d - 7. Let t be o(g). Let a(b) = -b**2 + 7*b - 3. Give a(t).
-11
Let i(w) = 26 - 6*w - 6*w - 6*w + 16*w. Let y be i(11). Let z(q) be the third derivative of q**4/6 - q**3/2 + q**2. Calculate z(y).
13
Let j(d) = 6*d**3 + 1. Let c be 9/((3/6)/((-3)/(-2))). Suppose 3*a = -30 + c. Give j(a).
-5
Let q be ((-3297)/35)/(-3) - (-3)/5. Suppose -8 = 3*m - q. Let h(z) = z**2 - 7*z - 11. What is h(m)?
-3
Suppose 18*f + 8 - 44 = 0. Suppose -5 = -4*p - 1. Let u(z) = -3 + f*z - p + 3 + 0*z. What is u(5)?
9
Let q(y) = -y. Let j(h) = h**2 - 18*h + 3. Let k be j(18). Give q(k).
-3
Let y(z) = 2*z - 1. Let m(v) = -v**3 - 36*v**2 + 117*v - 6. Let u be m(-39). Calculate y(u).
-13
Let n(b) = -b**3 - 6*b**2 + 3*b + 5. Suppose -27*t = 228 - 66. Calculate n(t).
-13
Suppose -h = 5*a - 31, 10 = 2*a - h - 8. Let l(z) = -z + 13. Give l(a).
6
Let w(g) = -11*g**2 + g + 19. Let q(v) = 9*v**2 - v - 17. Let m(r) = 6*q(r) + 5*w(r). Give m(3).
-19
Let y(c) = -13*c**2 - c - 12. Let w(j) = -8*j**2 - 9. Let a(z) = -8*w(z) + 5*y(z). Determine a(-11).
-54
Let o(s) = -s**3 + 5*s**2 + 5*s + 12. Suppose 2*c + 16*j - 20*j = 0, 5*j = -2*c + 27. What is o(c)?
6
Let f(y) = -6*y**2 - 2*y + 3. Let r(t) = -2*t**2 - 2*t**2 + 4 - 2*t - 2*t**2 + t**2. Let v(o) = 3*f(o) - 2*r(o). Calculate v(1).
-9
Let y(c) be the second derivative of c**3/6 + c**2 + c. Let w(g) = -g**3 - g**3 + 3*g**2 + g**3 - 4*g + 3*g**2. Let k be w(5). Give y(k).
7
Suppose 12 = -10*d + 12*d. Let w(n) = 8 + d*n + 0*n - 4*n. What is w(6)?
20
Let o(v) = v**2 - 6*v + 4. Suppose 3*l + 4*r - 33 = r, -l - 4*r + 23 = 0. Let s be 32/56*(l + (2 - 2)). Determine o(s).
-4
Let o(t) be the first derivative of 3*t**4/4 + t**2/2 - 21. Suppose -4*k - 3*c + c = 2, 2*k = 2*c + 8. Determine o(k).
4
Let b(f) = f**2 + 8*f + 4. Let x be b(-7). Let q be (-9)/x*(2 + -1). Let g(t) = t**2 - 1. Let z(l) = 2*l**2 - l - 2. Let r(v) = -g(v) + z(v). Determine r(q).
5
Suppose 26 = 5*a - 2*w + 13, -2*a - 4*w = 14. Let c(n) be the second derivative of -n**2/2 + n. Let f(m) = -m - 1. Let h(x) = a*f(x) - 3*c(x). Give h(2).
0
Let q(g) = -7*g + 20. Let m(k) = -7*k + 22. Let v(h) = -5*m(h) + 4*q(h). Calculate v(4).
-2
Let y(p) = -p**2 - 2*p - 3. Let c = -102 - -93. Let m(b) = b**3 + 11*b**2 + 18*b - 5. Let q be m(c). Calculate y(q).
-18
Let o = -14 + 14. Let w(j) = 2 + 11*j**3 + j**2 - 7*j**3 - 5*j**3 + o*j**2. Give w(0).
2
Let y(a) be the first derivative of -a**4/4 - 5*a**3/3 - 3*a**2 - 6*a + 10. Let j be y(-4). Let h(w) = -3*w + 4*w**2 + 5 - 3*w**j - 1 + 6*w. Determine h(-3).
4
Let y(m) = m**3 + 17*m**2 - 18*m + 8. Let t be y(-18). Let r(z) = 3 + 15*z - 4*z - t*z. What is r(-4)?
-9
Let v(g) = -6*g - 1. Let a(n) = 32*n + 7. Let k(u) = 2*a(u) + 11*v(u). Suppose -4*r - 5 = -13. Let d = 4 - r. What is k(d)?
-1
Let v be 56/12*(-12)/(-14). Let q(r) = -8 - 2*r + r - r + v*r. Let s = -11 + 17. Give q(s).
4
Let v(p) = p**2 - 4. Let j be v(0). Let h(k) be the second derivative of 2*k + 3/2*k**2 - 1/4*k**4 - 1/20*k**5 + k**3 + 0. What is h(j)?
-5
Let p = 418 + -420. Let w(s) = -2*s + 2. Give w(p).
6
Let o(u) = -4 + 7 - u**2 + 5 + 37*u - 32*u. Let x(f) = 2*f - 6. Let g be x(4). Let a = g + 4. What is o(a)?
2
Let l = -5 + -6. Let c(v) = v + 10. Let g be c(l). Let m(k) be the first derivative of k**2/2 - 4. Determine m(g).
-1
Let r(v) = -11*v**2 + 177*v - 8. Let y be r(16). Let l(i) = 0*i - 5 + i - 3. Calculate l(y).
0
Let n(p) be the second derivative of p**7/840 - p**6/360 - p**4/24 - 13*p**3/2 - 3*p. Let s(t) be the second derivative of n(t). What is s(1)?
-1
Let j(c) be the third derivative of c**5/60 + c**4/24 - 7*c**3/3 - c**2 - 25. Suppose 0 = -0*m + 5*m. What is j(m)?
-14
Let v(t) = -10*t - 39. Let s(d) = -10*d - 29. L